when 1307 is divided by 11.
9
Calculate the remainder when 295 is divided by 33.
31
What is the remainder when 192 is divided by 15?
12
Calculate the remainder when 87 is divided by 18.
15
Calculate the remainder when 2835 is divided by 25.
10
Calculate the remainder when 1493 is divided by 88.
85
What is the remainder when 247 is divided by 83?
81
Calculate the remainder when 1199 is divided by 299.
3
Calculate the remainder when 116 is divided by 15.
11
Calculate the remainder when 264 is divided by 66.
0
Calculate the remainder when 1729 is divided by 293.
264
What is the remainder when 4318 is divided by 24?
22
What is the remainder when 464 is divided by 160?
144
What is the remainder when 1213 is divided by 42?
37
Calculate the remainder when 290 is divided by 26.
4
What is the remainder when 296 is divided by 26?
10
What is the remainder when 474 is divided by 37?
30
What is the remainder when 960 is divided by 216?
96
Calculate the remainder when 943 is divided by 16.
15
Calculate the remainder when 1715 is divided by 78.
77
What is the remainder when 2352 is divided by 5?
2
Calculate the remainder when 4677 is divided by 60.
57
What is the remainder when 199 is divided by 72?
55
Calculate the remainder when 1450 is divided by 307.
222
What is the remainder when 122 is divided by 16?
10
What is the remainder when 166 is divided by 54?
4
Calculate the remainder when 196 is divided by 19.
6
What is the remainder when 19022 is divided by 284?
278
Calculate the remainder when 112 is divided by 9.
4
Calculate the remainder when 230 is divided by 82.
66
What is the remainder when 160 is divided by 90?
70
Calculate the remainder when 158 is divided by 8.
6
What is the remainder when 999 is divided by 21?
12
What is the remainder when 889 is divided by 113?
98
Calculate the remainder when 656 is divided by 324.
8
What is the remainder when 638 is divided by 181?
95
What is the remainder when 772 is divided by 33?
13
What is the remainder when 538 is divided by 108?
106
What is the remainder when 289 is divided by 218?
71
What is the remainder when 390 is divided by 73?
25
Calculate the remainder when 110 is divided by 24.
14
Calculate the remainder when 927 is divided by 306.
9
What is the remainder when 6662 is divided by 247?
240
What is the remainder when 2826 is divided by 167?
154
Calculate the remainder when 244 is divided by 50.
44
Calculate the remainder when 440 is divided by 37.
33
Calculate the remainder when 306 is divided by 146.
14
Calculate the remainder when 257 is divided by 20.
17
Calculate the remainder when 1881 is divided by 139.
74
Calculate the remainder when 754 is divided by 18.
16
Calculate the remainder when 2402 is divided by 1196.
10
What is the remainder when 763 is divided by 70?
63
What is the remainder when 32 is divided by 12?
8
Calculate the remainder when 1274 is divided by 57.
20
Calculate the remainder when 448 is divided by 74.
4
What is the remainder when 48 is divided by 36?
12
What is the remainder when 930 is divided by 9?
3
What is the remainder when 1810 is divided by 93?
43
Calculate the remainder when 3232 is divided by 404.
0
Calculate the remainder when 5778 is divided by 14.
10
Calculate the remainder when 9319 is divided by 59.
56
What is the remainder when 7 is divided by 5?
2
Calculate the remainder when 857 is divided by 172.
169
Calculate the remainder when 349 is divided by 35.
34
Calculate the remainder when 31 is divided by 6.
1
What is the remainder when 429 is divided by 18?
15
What is the remainder when 241 is divided by 53?
29
What is the remainder when 543 is divided by 16?
15
Calculate the remainder when 1078 is divided by 59.
16
What is the remainder when 21515 is divided by 53?
50
Calculate the remainder when 747 is divided by 25.
22
What is the remainder when 932 is divided by 185?
7
Calculate the remainder when 422 is divided by 53.
51
Calculate the remainder when 438 is divided by 7.
4
What is the remainder when 4358 is divided by 42?
32
What is the remainder when 1530 is divided by 296?
50
What is the remainder when 74 is divided by 29?
16
What is the remainder when 321 is divided by 155?
11
What is the remainder when 1032 is divided by 80?
72
Calculate the remainder when 1974 is divided by 38.
36
Calculate the remainder when 33 is divided by 7.
5
Calculate the remainder when 373 is divided by 22.
21
Calculate the remainder when 755 is divided by 74.
15
Calculate the remainder when 211 is divided by 63.
22
What is the remainder when 255 is divided by 2?
1
Calculate the remainder when 265 is divided by 86.
7
What is the remainder when 1269 is divided by 53?
50
What is the remainder when 29572 is divided by 169?
166
Calculate the remainder when 146 is divided by 56.
34
Calculate the remainder when 345 is divided by 32.
25
Calculate the remainder when 5190 is divided by 113.
105
Calculate the remainder when 184 is divided by 62.
60
What is the remainder when 1069 is divided by 54?
43
What is the remainder when 13529 is divided by 4?
1
Calculate the remainder when 84 is divided by 15.
9
Calculate the remainder when 342 is divided by 78.
30
Calculate the remainder when 209 is divided by 106.
103
Calculate the remainder when 125 is divided by 39.
8
What is the remainder when 60 is divided by 21?
18
Calculate the remainder when 62 is divided by 5.
2
What is the remainder when 323 is divided by 66?
59
Calculate the remainder when 19 is divided by 14.
5
Calculate the remainder when 112 is divided by 37.
1
Calculate the remainder when 544 is divided by 153.
85
What is the remainder when 94 is divided by 5?
4
Calculate the remainder when 78 is divided by 60.
18
What is the remainder when 388 is divided by 122?
22
What is the remainder when 6100 is divided by 17?
14
Calculate the remainder when 537 is divided by 84.
33
Calculate the remainder when 62 is divided by 16.
14
What is the remainder when 1120 is divided by 95?
75
Calculate the remainder when 778 is divided by 34.
30
What is the remainder when 206 is divided by 204?
2
What is the remainder when 581 is divided by 39?
35
Calculate the remainder when 412 is divided by 119.
55
What is the remainder when 677 is divided by 6?
5
What is the remainder when 19677 is divided by 133?
126
What is the remainder when 1005 is divided by 992?
13
Calculate the remainder when 2592 is divided by 200.
192
Calculate the remainder when 161 is divided by 44.
29
Calculate the remainder when 940 is divided by 33.
16
What is the remainder when 1513 is divided by 217?
211
Calculate the remainder when 1772 is divided by 202.
156
Calculate the remainder when 309 is divided by 191.
118
Calculate the remainder when 257 is divided by 29.
25
What is the remainder when 539 is divided by 51?
29
Calculate the remainder when 2527 is divided by 94.
83
What is the remainder when 244 is divided by 78?
10
What is the remainder when 1066 is divided by 276?
238
What is the remainder when 27721 is divided by 29?
26
Calculate the remainder when 113 is divided by 14.
1
What is the remainder when 54 is divided by 45?
9
Calculate the remainder when 1753 is divided by 45.
43
Calculate the remainder when 463 is divided by 64.
15
What is the remainder when 1474 is divided by 59?
58
Calculate the remainder when 1630 is divided by 68.
66
What is the remainder when 6979 is divided by 39?
37
What is the remainder when 47 is divided by 20?
7
What is the remainder when 813 is divided by 53?
18
What is the remainder when 5878 is divided by 24?
22
Calculate the remainder when 34398 is divided by 172.
170
Calculate the remainder when 37 is divided by 17.
3
Calculate the remainder when 380 is divided by 77.
72
What is the remainder when 305 is divided by 28?
25
Calculate the remainder when 368 is divided by 37.
35
Calculate the remainder when 470 is divided by 43.
40
What is the remainder when 862 is divided by 278?
28
What is the remainder when 174 is divided by 24?
6
What is the remainder when 408 is divided by 82?
80
What is the remainder when 690 is divided by 358?
332
What is the remainder when 407 is divided by 18?
11
Calculate the remainder when 17276 is divided by 11.
6
Calculate the remainder when 745 is divided by 83.
81
What is the remainder when 243 is divided by 55?
23
